 v = z + m. Is v a prime number?
False
Let s(a) = -a + 6. Let c be s(4). Let y be 1 + 0 - (1 - 3). Suppose 2*w - 4*u - 46 = 0, c*w + 2*u - 43 + y = 0. Is w prime?
False
Suppose 4*h - 8 = -j, 0*h = h - 3*j + 11. Let q(a) = a**2 - 2*a + 1. Let y be q(h). Suppose y = -4*d - d + 155. Is d a composite number?
False
Suppose 0 = -2*f + 6*f - 592. Let s = f + -83. Is s prime?
False
Suppose -k + 15 = 2*k. Suppose n - 3 = 0, -n + 1 = k*w - 27. Suppose -l - 89 = -w*l - a, 0 = -2*l + 4*a + 58. Is l a composite number?
False
Suppose 7*b + d = 2*b + 6276, 3*d = 4*b - 5017. Is b composite?
True
Suppose 5*q = -0*q. Suppose -4*b + 22 + 158 = q. Let v = b - 8. Is v a composite number?
False
Let q be 4/14 - 3070/14. Let j be 0 - -2 - (-3 + q). Suppose -3*f + j = 29. Is f a prime number?
False
Suppose 0 = -0*u + u - 127. Is u a prime number?
True
Let x(y) be the third derivative of -y**6/120 - y**5/30 - 5*y**4/24 - 5*y**3/6 + 4*y**2. Is x(-8) composite?
False
Let o = -38 + 13. Is 2/(-5) + (-2085)/o composite?
False
Let x = 15 - 10. Suppose 3*h - x*p - 190 = -2*h, -3 = p. Is h prime?
False
Let c = -244 + 353. Is c prime?
True
Let y = 55 - -742. Is y a composite number?
False
Let v = -127 + 199. Suppose -3*h + 12 = -2*x + v, -5*h = -4*x + 124. Let p = x + 55. Is p prime?
False
Let n(y) = -y**2 + 3*y + 2. Let a be n(3). Suppose 387 = a*p + p. Is (1/(-3))/((-1)/p) prime?
True
Suppose -4*c + 2*w - 3*w + 1461 = 0, -2*c + 5*w + 725 = 0. Is c composite?
True
Let j(l) = 5*l - 5. Let f be j(2). Let n be (-1)/(1/298*-2). Suppose 106 = f*v - n. Is v a prime number?
False
Suppose -2*v = -10 - 66. Suppose 4*q - 174 = v. Is q composite?
False
Let o = -1 + 1. Let l(v) = v**2 + v + 10. Let c be l(o). Suppose r = -0 + c. Is r a composite number?
True
Suppose 7*u - 717 + 80 = 0. Is u a prime number?
False
Suppose 5*t = 10*t - 3605. Is t a prime number?
False
Let d = 655 + -348. Is d a prime number?
True
Suppose -8*u - 2950 = -14222. Is u a composite number?
False
Let a be 0 - 1 - (-778 - -1). Suppose 3023 = 5*n - 5*o + 1083, -2*n - 3*o = -a. Let w = n - 257. Is w composite?
False
Suppose 2*v = 2*j + 750, 2*v - 1516 = -2*v - 4*j. Is v a composite number?
True
Let v(l) be the second derivative of l**5/2 - l**4/12 + l**3/6 + l**2/2 + 6*l. Is v(2) a composite number?
False
Let g be (-6)/(-18) + (-22)/3. Suppose -5*x + 4*h = 15, -x - 20 = 5*h + 12. Is (-233)/x - (-2)/g composite?
True
Let q(m) = 14*m + 1. Let f be q(1). Let u be (222/f)/(1/5). Let n = -19 + u. Is n composite?
True
Suppose z = 4*c - 232, 6*c - 4*z - 220 = 2*c. Is c prime?
True
Let y(h) = h**3 - h**2 - h + 1. Let z be y(2). Is 0/(9/z) - -33 a prime number?
False
Is -1 - (4 + -3)/((-3)/1140) prime?
True
Let h(s) = -s + 93. Let v(r) = r - 3. Let m be v(3). Let n be h(m). Suppose -3*c + n = -12. Is c prime?
False
Let m be (1184/6)/((-2)/(-6)). Let n = m - 123. Is n a prime number?
False
Let h(t) = t**3 + 4*t**2 + 4*t + 2. Let a = -2 + 0. Let v be h(a). Suppose d - 231 = -v*d. Is d a prime number?
False
Let w be 1/(2/(-4) - -1). Suppose w*b + 73 = 3*s, 0 = -2*b + 5*s - 24 - 51. Let g = -2 - b. Is g prime?
False
Suppose 4*y + 86 = -5*l + 213, -75 = -3*l - 2*y. Is l prime?
True
Let f be (-2 + 1)/(-3 + 2). Let y be 2/4*(5 + -1). Suppose -25 = -t + 3*v, 0 = -y*v - 9 + f. Is t a prime number?
True
Let w(d) = -44*d + 3 - 6*d - 14. Let h(o) = -17*o - 4. Let c(n) = 7*h(n) - 2*w(n). Is c(-5) prime?
True
Let i = -185 + 444. Is i a composite number?
True
Let q(w) = 7*w - 1. Let x be q(-2). Let a be (6/5)/(9/30). Let p = a - x. Is p prime?
True
Let d(h) = h**3 - 5*h**2 + 2*h - 9. Let v be d(6). Suppose 2*w - v = 127. Is w a prime number?
True
Let g(c) = -4*c. Let s be g(7). Is (-2316)/(-7) - 4/s composite?
False
Let l(g) = 219*g**2 + 2*g + 1. Let b be l(-1). Suppose 5*r - 588 = -b. Is r prime?
False
Let l = 3 + 1. Suppose 4*c + 8 + l = 0. Is c*3/(-18)*74 prime?
True
Let i = 21 - 30. Let z be ((-12)/i)/(1/3). Suppose z*t - 167 = 29. Is t a composite number?
True
Let b be 2*(81/6)/3. Let a(u) = -2*u**3 + 9*u**2 - u - 4. Let y be a(6). Let i = b - y. Is i prime?
True
Let y be 10/(-1)*(-12)/(-10). Is ((-2)/4 + 0)*y composite?
True
Let t be (70/(-15))/((-4)/6). Let i(k) = 17*k**2 + k + 2*k**2 - 1 + 8*k**2 + t*k**2. Is i(1) prime?
False
Is (149/2)/(45/10 - 4) a prime number?
True
Is (-1 - 12452)/1*(-6)/18 a prime number?
False
Let f(h) = -28*h - 1. Let w = -8 + 6. Let v(y) = 7*y. Let g(q) = w*f(q) - 9*v(q). Is g(-3) composite?
False
Is (-1)/(3/(-393*1)) a composite number?
False
Let q(c) = c**2 + 0*c**2 + 9 + 102*c - 97*c. Is q(-8) prime?
False
Let m(d) = d**2 + 491. Is m(0) a composite number?
False
Let r(l) = 39*l - 13. Let c(x) = 19*x - 6. Let h(o) = -5*c(o) + 2*r(o). Is h(-3) a prime number?
False
Let s be (-8)/(3/((-6)/4)). Suppose 0 = -s*c - 332 + 816. Let v = c - 32. Is v a composite number?
False
Let v(k) be the second derivative of 4*k**4/3 - 2*k**3/3 + 5*k**2/2 - k. Is v(6) a composite number?
False
Suppose 7*v = 6*v. Suppose -53 = -5*m + 142. Suppose v = l - m + 4. Is l a composite number?
True
Let a be (1 - 0)/((-3)/6). Let i = -2 - a. Is (4 - i)*(-175)/(-20) a composite number?
True
Let y = -16 + 28. Suppose -3*g + 7*g + 4 = -3*x, 0 = -5*x - 20. Suppose g = j - y. Is j composite?
True
Let i(t) be the second derivative of 26*t**3/3 - 9*t**2/2 + 3*t. Is i(4) a composite number?
False
Let z = 2119 + 300. Is z a composite number?
True
Suppose 0 = k - 3*v - 2*v + 10, -6 = 5*k - 3*v. Suppose 246 = 2*q - k*q - c, -222 = -2*q - 5*c. Is q a prime number?
False
Is 9/6*50 + -1 a prime number?
False
Let x(i) = i**3 - i**2 - 1. Let t(r) = -2*r**3 + 3*r**2 - 34. Suppose -5*s + 10 = 25. Let q(l) = s*x(l) - t(l). Is q(0) a prime number?
True
Suppose 13 = 3*p + 64. Let g be 4/(-14) - 544/56. Let b = g - p. Is b a composite number?
False
Is (4 + -9)/(-5) + 178 composite?
False
Let w(a) be the first derivative of 8*a**4/3 - a**3/6 + a**2/2 + 2*a + 3. Let d(r) be the first derivative of w(r). Is d(-2) a prime number?
True
Let l(y) = 103*y + 7. Is l(4) prime?
True
Let w(u) = -5*u + 4. Let r be w(5). Let o(s) = 3*s**3 - 2*s**2 + 3*s - 4. Let v be o(-3). Let j = r - v. Is j a composite number?
True
Let w(s) be the second derivative of -s**4/12 + 7*s**3/6 - 3*s**2 - 2*s. Let x be w(4). Suppose 2*r + 2*h = 32, 0 = -3*h + h - x. Is r a prime number?
True
Let n = -2 + 6. Let z(r) = 3*r**3 + r**2 - r - 1. Is z(n) a prime number?
False
Suppose -b = -2*b. Let x be (1 - 2)*10 + b. Is (-5)/x - (-82)/4 a composite number?
True
Let x be 1/(-3) - 100/(-3). Let l be 6/x + (-482)/(-11). Suppose -2*f = 6, -4*i - l + 215 = -5*f. Is i prime?
False
Suppose -5*h + 20 = 2*x - 6*x, 4*x + 4 = h. Suppose x = 3*r + 2*n - 17, 5*r + 0*n - 37 = n. Is (-4)/(-14) + 159/r a composite number?
False
Let x = -65 + 93. Let i = 237 + x. Is i prime?
False
Suppose -4*k - 2*b = -136, 167 = 5*k - 2*b + 6*b. Is k composite?
True
Is (0 + 1)*(-7 + 588) a composite number?
True
Let n(c) = c**3 + 6*c**2 + 2*c + 6. Let i be n(-5). Is (3 + i/(-6))*-166 a composite number?
False
Suppose 4*q - 114 = 2*k, 3*q + 3*k = -2*k + 92. Suppose z = 24 + q. Is z composite?
False
Let c = 262 - -1. Is c prime?
True
Suppose -2*t + 5 = -3. Suppose 6*v - 208 = t*v. Suppose 0 = 4*g - 4*d - v, -5*d = -8*d. Is g composite?
True
Let a(i) = -i**3 + 6*i**2 + i - 4. Let f be a(6). Suppose f*w - 1 = 9, w + 1805 = 5*z. Let t = z + -199. Is t a composite number?
False
Let d(g) = -7*g**2 + 4*g + 1. Let r be d(-3). Let l = -52 - r. Is l composite?
True
Let w = 1121 + -454. Is w composite?
True
Let l(k) = -5*k**2 - 1. Let f be l(-1). Is f/4*1572/(-18) composite?
False
Let j(x) = x**3 + 5*x**2 + 4*x + 2. Let w be j(-4). Suppose -4*n - 31 = -h - w*h, 10 = 5*n. Let l = h + -6. Is l a composite number?
False
Suppose -3*t - 2*t = w - 684, -t + 5*w = -116. Suppose -4*a + t = -3*a. Suppose 0 = 4*u - a + 44. Is u a composite number?
False
Is ((-238)/(-3))/(8/12) a composite number?
True
Let b = -36 - -20. Let q = b + 32. Suppose 51 = i - q. Is i prime?
True
Is (-635)/(-7) - (-4)/14 prime?
False
Suppose -2*a = 8 + 8. Let s(d) = d**3 + 11*d**2 - 7*d + 6. Is s(a) a composite number?
True
Let o be 70/(-21)*(-12)/10. Suppose -2*q - 10 = 0, -3*q - 104 = -5*z + o*z. Is z a composite number?
False
Suppose o = 4*b + 157, o + 3*b - 121 = -2*